{"id":3298,"date":"2025-11-11T10:34:43","date_gmt":"2025-11-11T09:34:43","guid":{"rendered":"https:\/\/lazerupsolution.com\/?page_id=3298"},"modified":"2025-11-11T11:05:51","modified_gmt":"2025-11-11T10:05:51","slug":"reserver-stop-tabac-paris-18e","status":"publish","type":"page","link":"https:\/\/lazerupsolution.com\/index.php\/reserver-stop-tabac-paris-18e\/","title":{"rendered":"R\u00e9server Stop Tabac Paris 18\u00e8"},"content":{"rendered":"\t\t<div data-elementor-type=\"wp-page\" data-elementor-id=\"3298\" class=\"elementor elementor-3298\" data-elementor-post-type=\"page\">\n\t\t\t\t<div class=\"elementor-element elementor-element-5c9ad4a e-flex e-con-boxed e-con e-parent\" data-id=\"5c9ad4a\" data-element_type=\"container\" data-e-type=\"container\">\n\t\t\t\t\t<div class=\"e-con-inner\">\n\t\t\t\t<div class=\"elementor-element elementor-element-ad168d6 elementor-widget elementor-widget-stepbooking\" data-id=\"ad168d6\" data-element_type=\"widget\" data-e-type=\"widget\" data-widget_type=\"stepbooking.default\">\n\t\t\t\t<div class=\"elementor-widget-container\">\n\t\t\t\t\t\n<script>\n  if (typeof hasAmeliaEntitiesApiCall === 'undefined' && ('' === '' && '' !== '1')) {\n    var hasAmeliaEntitiesApiCall = true;\n  }\n  var ameliaShortcodeData = (typeof ameliaShortcodeData === 'undefined') ? [] : ameliaShortcodeData;\n  ameliaShortcodeData.push(\n    {\n      'hasApiCall': (typeof hasAmeliaEntitiesApiCall !== 'undefined') && hasAmeliaEntitiesApiCall,\n      'trigger': '',\n      'trigger_type': '',\n      'triggered_form': 'sbsNew',\n      'in_dialog': '',\n      'show': '',\n      'counter': '1000',\n      'category': '',\n      'service': '20',\n      'employee': '',\n      'location': '1',\n      'package': '',\n      'layout': '1',\n    }\n  );\n\n  var ameliaShortcodeDataTriggered = (typeof ameliaShortcodeDataTriggered === 'undefined') ? [] : ameliaShortcodeDataTriggered;\n  if (ameliaShortcodeData[ameliaShortcodeData.length - 1].trigger !== '') {\n    if (ameliaShortcodeDataTriggered.filter(a => a.counter === ameliaShortcodeData[ameliaShortcodeData.length - 1].counter).length === 0) {\n      ameliaShortcodeDataTriggered.push(ameliaShortcodeData.pop());\n    } else {\n      ameliaShortcodeData.pop()\n    }\n  }\n  if (typeof hasAmeliaEntitiesApiCall !== 'undefined' && hasAmeliaEntitiesApiCall) {\n    hasAmeliaEntitiesApiCall = false;\n  }\n<\/script>\n\n<div\n  id=\"amelia-v2-booking-1000\"\n  class=\"amelia-v2-booking\"\n >\n    <step-form-wrapper><\/step-form-wrapper><\/div>\n\t\t\t\t<\/div>\n\t\t\t\t<\/div>\n\t\t\t\t\t<\/div>\n\t\t\t\t<\/div>\n\t\t\t\t<\/div>\n\t\t","protected":false},"excerpt":{"rendered":"","protected":false},"author":1,"featured_media":0,"parent":0,"menu_order":0,"comment_status":"closed","ping_status":"closed","template":"","meta":{"footnotes":""},"class_list":["post-3298","page","type-page","status-publish","hentry"],"yoast_head":"<!-- This site is optimized with the Yoast SEO plugin v27.4 - https:\/\/yoast.com\/product\/yoast-seo-wordpress\/ -->\n<title>R\u00e9server Stop Tabac Paris 18\u00e8 - Lazer&#039;Up Solution<\/title>\n<meta name=\"robots\" content=\"index, follow, max-snippet:-1, max-image-preview:large, max-video-preview:-1\" \/>\n<link rel=\"canonical\" href=\"https:\/\/lazerupsolution.com\/index.php\/reserver-stop-tabac-paris-18e\/\" \/>\n<meta property=\"og:locale\" content=\"fr_FR\" \/>\n<meta property=\"og:type\" content=\"article\" \/>\n<meta property=\"og:title\" content=\"R\u00e9server Stop Tabac Paris 18\u00e8 - Lazer&#039;Up Solution\" \/>\n<meta property=\"og:url\" content=\"https:\/\/lazerupsolution.com\/index.php\/reserver-stop-tabac-paris-18e\/\" \/>\n<meta property=\"og:site_name\" content=\"Lazer&#039;Up Solution\" \/>\n<meta property=\"article:modified_time\" content=\"2025-11-11T10:05:51+00:00\" \/>\n<meta name=\"twitter:card\" content=\"summary_large_image\" \/>\n<script type=\"application\/ld+json\" class=\"yoast-schema-graph\">{\"@context\":\"https:\\\/\\\/schema.org\",\"@graph\":[{\"@type\":\"WebPage\",\"@id\":\"https:\\\/\\\/lazerupsolution.com\\\/index.php\\\/reserver-stop-tabac-paris-18e\\\/\",\"url\":\"https:\\\/\\\/lazerupsolution.com\\\/index.php\\\/reserver-stop-tabac-paris-18e\\\/\",\"name\":\"R\u00e9server Stop Tabac Paris 18\u00e8 - Lazer&#039;Up Solution\",\"isPartOf\":{\"@id\":\"https:\\\/\\\/lazerupsolution.com\\\/#website\"},\"datePublished\":\"2025-11-11T09:34:43+00:00\",\"dateModified\":\"2025-11-11T10:05:51+00:00\",\"breadcrumb\":{\"@id\":\"https:\\\/\\\/lazerupsolution.com\\\/index.php\\\/reserver-stop-tabac-paris-18e\\\/#breadcrumb\"},\"inLanguage\":\"fr-FR\",\"potentialAction\":[{\"@type\":\"ReadAction\",\"target\":[\"https:\\\/\\\/lazerupsolution.com\\\/index.php\\\/reserver-stop-tabac-paris-18e\\\/\"]}]},{\"@type\":\"BreadcrumbList\",\"@id\":\"https:\\\/\\\/lazerupsolution.com\\\/index.php\\\/reserver-stop-tabac-paris-18e\\\/#breadcrumb\",\"itemListElement\":[{\"@type\":\"ListItem\",\"position\":1,\"name\":\"Accueil\",\"item\":\"https:\\\/\\\/lazerupsolution.com\\\/\"},{\"@type\":\"ListItem\",\"position\":2,\"name\":\"R\u00e9server Stop Tabac Paris 18\u00e8\"}]},{\"@type\":\"WebSite\",\"@id\":\"https:\\\/\\\/lazerupsolution.com\\\/#website\",\"url\":\"https:\\\/\\\/lazerupsolution.com\\\/\",\"name\":\"Lazer&#039;Up Solution\",\"description\":\"Le centre th\u00e9rapeutique sp\u00e9cialis\u00e9 dans le traitement des addictions\",\"publisher\":{\"@id\":\"https:\\\/\\\/lazerupsolution.com\\\/#organization\"},\"potentialAction\":[{\"@type\":\"SearchAction\",\"target\":{\"@type\":\"EntryPoint\",\"urlTemplate\":\"https:\\\/\\\/lazerupsolution.com\\\/?s={search_term_string}\"},\"query-input\":{\"@type\":\"PropertyValueSpecification\",\"valueRequired\":true,\"valueName\":\"search_term_string\"}}],\"inLanguage\":\"fr-FR\"},{\"@type\":\"Organization\",\"@id\":\"https:\\\/\\\/lazerupsolution.com\\\/#organization\",\"name\":\"Lazer&#039;Up Solution\",\"url\":\"https:\\\/\\\/lazerupsolution.com\\\/\",\"logo\":{\"@type\":\"ImageObject\",\"inLanguage\":\"fr-FR\",\"@id\":\"https:\\\/\\\/lazerupsolution.com\\\/#\\\/schema\\\/logo\\\/image\\\/\",\"url\":\"https:\\\/\\\/lazerupsolution.com\\\/wp-content\\\/uploads\\\/2025\\\/04\\\/Plan-de-travail-9_2.png\",\"contentUrl\":\"https:\\\/\\\/lazerupsolution.com\\\/wp-content\\\/uploads\\\/2025\\\/04\\\/Plan-de-travail-9_2.png\",\"width\":2470,\"height\":993,\"caption\":\"Lazer&#039;Up Solution\"},\"image\":{\"@id\":\"https:\\\/\\\/lazerupsolution.com\\\/#\\\/schema\\\/logo\\\/image\\\/\"}}]}<\/script>\n<!-- \/ Yoast SEO plugin. -->","yoast_head_json":{"title":"R\u00e9server Stop Tabac Paris 18\u00e8 - Lazer&#039;Up Solution","robots":{"index":"index","follow":"follow","max-snippet":"max-snippet:-1","max-image-preview":"max-image-preview:large","max-video-preview":"max-video-preview:-1"},"canonical":"https:\/\/lazerupsolution.com\/index.php\/reserver-stop-tabac-paris-18e\/","og_locale":"fr_FR","og_type":"article","og_title":"R\u00e9server Stop Tabac Paris 18\u00e8 - Lazer&#039;Up Solution","og_url":"https:\/\/lazerupsolution.com\/index.php\/reserver-stop-tabac-paris-18e\/","og_site_name":"Lazer&#039;Up Solution","article_modified_time":"2025-11-11T10:05:51+00:00","twitter_card":"summary_large_image","schema":{"@context":"https:\/\/schema.org","@graph":[{"@type":"WebPage","@id":"https:\/\/lazerupsolution.com\/index.php\/reserver-stop-tabac-paris-18e\/","url":"https:\/\/lazerupsolution.com\/index.php\/reserver-stop-tabac-paris-18e\/","name":"R\u00e9server Stop Tabac Paris 18\u00e8 - Lazer&#039;Up Solution","isPartOf":{"@id":"https:\/\/lazerupsolution.com\/#website"},"datePublished":"2025-11-11T09:34:43+00:00","dateModified":"2025-11-11T10:05:51+00:00","breadcrumb":{"@id":"https:\/\/lazerupsolution.com\/index.php\/reserver-stop-tabac-paris-18e\/#breadcrumb"},"inLanguage":"fr-FR","potentialAction":[{"@type":"ReadAction","target":["https:\/\/lazerupsolution.com\/index.php\/reserver-stop-tabac-paris-18e\/"]}]},{"@type":"BreadcrumbList","@id":"https:\/\/lazerupsolution.com\/index.php\/reserver-stop-tabac-paris-18e\/#breadcrumb","itemListElement":[{"@type":"ListItem","position":1,"name":"Accueil","item":"https:\/\/lazerupsolution.com\/"},{"@type":"ListItem","position":2,"name":"R\u00e9server Stop Tabac Paris 18\u00e8"}]},{"@type":"WebSite","@id":"https:\/\/lazerupsolution.com\/#website","url":"https:\/\/lazerupsolution.com\/","name":"Lazer&#039;Up Solution","description":"Le centre th\u00e9rapeutique sp\u00e9cialis\u00e9 dans le traitement des addictions","publisher":{"@id":"https:\/\/lazerupsolution.com\/#organization"},"potentialAction":[{"@type":"SearchAction","target":{"@type":"EntryPoint","urlTemplate":"https:\/\/lazerupsolution.com\/?s={search_term_string}"},"query-input":{"@type":"PropertyValueSpecification","valueRequired":true,"valueName":"search_term_string"}}],"inLanguage":"fr-FR"},{"@type":"Organization","@id":"https:\/\/lazerupsolution.com\/#organization","name":"Lazer&#039;Up Solution","url":"https:\/\/lazerupsolution.com\/","logo":{"@type":"ImageObject","inLanguage":"fr-FR","@id":"https:\/\/lazerupsolution.com\/#\/schema\/logo\/image\/","url":"https:\/\/lazerupsolution.com\/wp-content\/uploads\/2025\/04\/Plan-de-travail-9_2.png","contentUrl":"https:\/\/lazerupsolution.com\/wp-content\/uploads\/2025\/04\/Plan-de-travail-9_2.png","width":2470,"height":993,"caption":"Lazer&#039;Up Solution"},"image":{"@id":"https:\/\/lazerupsolution.com\/#\/schema\/logo\/image\/"}}]}},"_links":{"self":[{"href":"https:\/\/lazerupsolution.com\/index.php\/wp-json\/wp\/v2\/pages\/3298","targetHints":{"allow":["GET"]}}],"collection":[{"href":"https:\/\/lazerupsolution.com\/index.php\/wp-json\/wp\/v2\/pages"}],"about":[{"href":"https:\/\/lazerupsolution.com\/index.php\/wp-json\/wp\/v2\/types\/page"}],"author":[{"embeddable":true,"href":"https:\/\/lazerupsolution.com\/index.php\/wp-json\/wp\/v2\/users\/1"}],"replies":[{"embeddable":true,"href":"https:\/\/lazerupsolution.com\/index.php\/wp-json\/wp\/v2\/comments?post=3298"}],"version-history":[{"count":0,"href":"https:\/\/lazerupsolution.com\/index.php\/wp-json\/wp\/v2\/pages\/3298\/revisions"}],"wp:attachment":[{"href":"https:\/\/lazerupsolution.com\/index.php\/wp-json\/wp\/v2\/media?parent=3298"}],"curies":[{"name":"wp","href":"https:\/\/api.w.org\/{rel}","templated":true}]}}